?
61
What is the remainder when 1475924 is divided by 363?
329
Calculate the remainder when 1557284 is divided by 5370.
5354
What is the remainder when 1780175 is divided by 45644?
59
What is the remainder when 2189182 is divided by 312735?
37
Calculate the remainder when 1462322 is divided by 698.
12
What is the remainder when 11534568 is divided by 147876?
240
What is the remainder when 4580077 is divided by 327127?
299
Calculate the remainder when 7611949 is divided by 37.
13
Calculate the remainder when 326699 is divided by 65279.
304
What is the remainder when 31490567 is divided by 8?
7
What is the remainder when 3037043043 is divided by 17?
13
Calculate the remainder when 1622978 is divided by 2779.
42
Calculate the remainder when 16329 is divided by 2377.
2067
What is the remainder when 23657 is divided by 23356?
301
What is the remainder when 15530686 is divided by 434?
430
Calculate the remainder when 1896775 is divided by 135.
25
What is the remainder when 12233390 is divided by 38?
12
Calculate the remainder when 33762 is divided by 16372.
1018
Calculate the remainder when 37263876 is divided by 1994.
4
What is the remainder when 6096977 is divided by 5?
2
Calculate the remainder when 3261369 is divided by 116477.
13
What is the remainder when 870202 is divided by 18900?
802
Calculate the remainder when 440838 is divided by 1289.
0
What is the remainder when 521936 is divided by 28?
16
Calculate the remainder when 40522 is divided by 18761.
3000
Calculate the remainder when 65616540 is divided by 84.
24
Calculate the remainder when 11703743 is divided by 936.
935
What is the remainder when 483109 is divided by 473?
176
Calculate the remainder when 4320202 is divided by 8871.
25
Calculate the remainder when 6041110 is divided by 237.
217
What is the remainder when 18406629 is divided by 328?
253
Calculate the remainder when 408830 is divided by 408706.
124
What is the remainder when 6124400 is divided by 66?
62
Calculate the remainder when 18464 is divided by 13907.
4557
What is the remainder when 7130956 is divided by 3326?
12
What is the remainder when 212292 is divided by 2041?
28
What is the remainder when 38639608 is divided by 713?
712
What is the remainder when 1437613 is divided by 38?
35
Calculate the remainder when 6841854 is divided by 972.
918
Calculate the remainder when 8977689 is divided by 4488740.
209
Calculate the remainder when 9144 is divided by 1302.
30
Calculate the remainder when 14606847 is divided by 1504.
1503
Calculate the remainder when 71377 is divided by 11891.
31
Calculate the remainder when 1703984 is divided by 36.
32
What is the remainder when 15479506 is divided by 6?
4
What is the remainder when 393760 is divided by 21846?
532
Calculate the remainder when 113023 is divided by 11295.
73
Calculate the remainder when 21004 is divided by 1505.
1439
What is the remainder when 82403310 is divided by 2009836?
34
What is the remainder when 3273813 is divided by 91?
88
Calculate the remainder when 2567218 is divided by 520.
498
What is the remainder when 34210 is divided by 15020?
4170
What is the remainder when 51797 is divided by 2725?
22
Calculate the remainder when 523507 is divided by 523469.
38
Calculate the remainder when 1959345 is divided by 122.
25
Calculate the remainder when 1045537 is divided by 622.
577
Calculate the remainder when 22758740 is divided by 1383.
92
Calculate the remainder when 1800058 is divided by 1447.
1437
Calculate the remainder when 614922 is divided by 19215.
42
What is the remainder when 110998323 is divided by 1066?
7
What is the remainder when 1283880 is divided by 6418?
280
What is the remainder when 21372286 is divided by 971467?
12
Calculate the remainder when 105720 is divided by 7723.
5321
Calculate the remainder when 216002 is divided by 26.
20
Calculate the remainder when 180707 is divided by 3614.
7
Calculate the remainder when 386945 is divided by 557.
387
What is the remainder when 1058091293 is divided by 26?
25
Calculate the remainder when 419416 is divided by 487.
109
Calculate the remainder when 20996679 is divided by 2099667.
9
Calculate the remainder when 4282 is divided by 2069.
144
What is the remainder when 125199009 is divided by 27?
9
Calculate the remainder when 65898 is divided by 3368.
1906
Calculate the remainder when 65380 is divided by 7382.
6324
Calculate the remainder when 591718 is divided by 17.
16
Calculate the remainder when 420052 is divided by 2278.
900
Calculate the remainder when 10406463 is divided by 10406430.
33
Calculate the remainder when 23023075 is divided by 1534871.
10
Calculate the remainder when 2758 is divided by 763.
469
Calculate the remainder when 79053369 is divided by 2670.
9
Calculate the remainder when 53527 is divided by 6558.
1063
Calculate the remainder when 134353 is divided by 949.
544
What is the remainder when 3806640 is divided by 6632?
6504
Calculate the remainder when 43985936 is divided by 43.
32
What is the remainder when 581134 is divided by 128?
14
What is the remainder when 928801 is divided by 154798?
13
What is the remainder when 32766637 is divided by 11?
2
What is the remainder when 1124107 is divided by 12?
7
What is the remainder when 14139751 is divided by 328?
327
What is the remainder when 381739 is divided by 95342?
371
Calculate the remainder when 272896 is divided by 54552.
136
Calculate the remainder when 929191 is divided by 2539.
2456
What is the remainder when 4644914 is divided by 244469?
3
What is the remainder when 325982 is divided by 8805?
197
What is the remainder when 3446068 is divided by 492294?
10
What is the remainder when 384917 is divided by 150?
17
Calculate the remainder when 850169 is divided by 424930.
309
Calculate the remainder when 510914443 is divided by 369.
364
What is the remainder when 5831940 is divided by 4707?
4674
Calculate the remainder when 43728269 is divided by 38.
35
What is the remainder when 10479020 is divided by 94404?
176
What is the remainder when 22132043 is divided by 1189?
1186
Calculate the remainder when 323495 is divided by 4145.
185
What is the remainder when 539318 is divided by 12?
2
Calculate the remainder when 789492 is divided by 1345.
1322
What is the remainder when 3446917 is divided by 84071?
6
What is the remainder when 17029658 is divided by 3405929?
13
What is the remainder when 584775 is divided by 580954?
3821
Calculate the remainder when 1408766 is divided by 73.
12
What is the remainder when 19733 is divided by 1334?
1057
Calculate the remainder when 522156543 is divided by 256.
255
What is the remainder when 22298865 is divided by 637109?
50
Calculate the remainder when 378299266 is divided by 8039.
4
What is the remainder when 931978 is divided by 509?
508
What is the remainder when 412046 is divided by 582?
572
Calculate the remainder when 124592 is divided by 286.
182
What is the remainder when 361488888 is divided by 12863?
12862
Calculate the remainder when 88531099 is divided by 3191.
3186
Calculate the remainder when 40996659 is divided by 6.
3
What is the remainder when 70986591 is divided by 51?
48
What is the remainder when 3958557 is divided by 74689?
40
What is the remainder when 14605 is divided by 1120?
45
Calculate the remainder when 56911 is divided by 3349.
3327
What is the remainder when 4787635 is divided by 1629?
4
Calculate the remainder when 134769 is divided by 2866.
67
What is the remainder when 317103140 is divided by 1852?
1848
What is the remainder when 14841671 is divided by 873030?
161
What is the remainder when 7600412 is divided by 4562?
120
Calculate the remainder when 1383364 is divided by 182.
164
Calculate the remainder when 291137 is divided by 122.
45
What is the remainder when 134633 is divided by 10206?
1955
What is the remainder when 3659812 is divided by 438?
322
What is the remainder when 13599228 is divided by 234469?
26
What is the remainder when 84898 is divided by 1231?
1190
Calculate the remainder when 749451 is divided by 44082.
57
Calculate the remainder when 9450 is divided by 9177.
273
What is the remainder when 81131 is divided by 21?
8
Calculate the remainder when 490654 is divided by 24531.
34
What is the remainder when 35977862 is divided by 419?
8
What is the re